 24.
8
What is the greatest common divisor of 812 and 5481?
203
Calculate the greatest common factor of 91718 and 242.
242
What is the greatest common divisor of 34 and 425?
17
What is the greatest common factor of 62 and 4123?
31
Calculate the highest common divisor of 110 and 320.
10
Calculate the greatest common divisor of 32 and 208.
16
What is the greatest common divisor of 1935 and 215?
215
Calculate the greatest common factor of 53 and 4.
1
Calculate the highest common factor of 3375 and 27.
27
What is the highest common divisor of 11 and 51953?
11
What is the greatest common factor of 12 and 4?
4
Calculate the highest common factor of 50 and 70.
10
Calculate the highest common divisor of 124 and 31.
31
What is the greatest common factor of 782 and 34?
34
Calculate the highest common divisor of 25 and 25.
25
What is the highest common divisor of 23 and 92?
23
Calculate the greatest common divisor of 80 and 192.
16
Calculate the highest common factor of 12 and 536.
4
Calculate the highest common divisor of 1849 and 301.
43
Calculate the highest common factor of 20 and 580.
20
What is the highest common divisor of 2784 and 522?
174
What is the highest common divisor of 18 and 150?
6
Calculate the greatest common factor of 360 and 460.
20
What is the highest common divisor of 11 and 143?
11
What is the greatest common factor of 12 and 7040?
4
Calculate the highest common factor of 192 and 324.
12
What is the highest common divisor of 3612 and 129?
129
Calculate the greatest common divisor of 2810 and 190.
10
What is the greatest common divisor of 8688 and 48?
48
Calculate the greatest common divisor of 3179 and 17.
17
Calculate the greatest common factor of 70 and 1785.
35
Calculate the greatest common divisor of 93 and 434.
31
What is the greatest common factor of 288 and 544?
32
What is the highest common divisor of 29 and 4147?
29
What is the highest common factor of 738 and 2173?
41
What is the greatest common factor of 2912 and 52?
52
Calculate the highest common factor of 2632 and 4277.
329
Calculate the greatest common divisor of 627 and 66.
33
What is the highest common factor of 312 and 65?
13
Calculate the greatest common divisor of 108 and 156.
12
What is the highest common divisor of 91 and 13?
13
Calculate the greatest common factor of 21206 and 46.
46
Calculate the greatest common factor of 132 and 132.
132
What is the greatest common factor of 4757 and 67?
67
What is the greatest common factor of 150 and 2175?
75
Calculate the highest common factor of 16 and 2096.
16
Calculate the highest common factor of 1670 and 10.
10
What is the highest common divisor of 445 and 85?
5
What is the highest common factor of 236 and 4?
4
What is the greatest common divisor of 102 and 170?
34
Calculate the greatest common factor of 22 and 209.
11
What is the greatest common divisor of 6 and 18?
6
What is the highest common factor of 46347 and 21?
21
What is the highest common factor of 12 and 2808?
12
Calculate the highest common factor of 1961 and 53.
53
What is the greatest common divisor of 142 and 17750?
142
Calculate the highest common divisor of 10604 and 22.
22
Calculate the greatest common divisor of 1888 and 1072.
16
Calculate the greatest common factor of 5 and 15.
5
What is the greatest common divisor of 1037 and 85?
17
Calculate the highest common factor of 48 and 1648.
16
What is the highest common divisor of 200 and 88?
8
Calculate the greatest common divisor of 17 and 697.
17
Calculate the highest common factor of 430 and 10.
10
What is the highest common divisor of 3827 and 267?
89
What is the highest common factor of 265 and 10?
5
Calculate the greatest common divisor of 59 and 5.
1
Calculate the highest common factor of 2475 and 150.
75
What is the highest common divisor of 123 and 1517?
41
What is the highest common divisor of 23 and 391?
23
Calculate the highest common factor of 224 and 476.
28
Calculate the highest common factor of 50 and 80.
10
Calculate the highest common divisor of 1264 and 80.
16
What is the highest common divisor of 143 and 2197?
13
What is the highest common divisor of 2745 and 45?
45
Calculate the greatest common divisor of 198 and 528.
66
What is the greatest common factor of 115 and 10?
5
What is the highest common factor of 188 and 32?
4
Calculate the greatest common factor of 154 and 3374.
14
What is the highest common divisor of 18 and 78?
6
Calculate the highest common divisor of 34 and 6.
2
What is the greatest common factor of 494 and 26?
26
Calculate the greatest common factor of 2117 and 29.
29
Calculate the highest common divisor of 516 and 36.
12
What is the greatest common factor of 1104 and 16?
16
What is the highest common divisor of 9 and 417?
3
Calculate the highest common factor of 23 and 736.
23
What is the greatest common divisor of 56 and 144?
8
Calculate the highest common factor of 164 and 123.
41
Calculate the highest common factor of 7 and 9.
1
Calculate the highest common divisor of 4845 and 2295.
255
Calculate the greatest common factor of 66 and 286.
22
What is the greatest common divisor of 114 and 24?
6
Calculate the highest common divisor of 54 and 459.
27
What is the highest common divisor of 123 and 1968?
123
What is the highest common factor of 8838 and 18?
18
Calculate the highest common factor of 7616 and 56.
56
What is the highest common factor of 2625 and 15?
15
Calculate the greatest common factor of 1519 and 196.
49
What is the greatest common divisor of 3 and 535?
1
What is the greatest common factor of 19 and 1881?
19
What is the greatest common factor of 2639 and 3248?
203
Calculate the highest common divisor of 45 and 10.
5
Calculate the highest common factor of 133 and 7.
7
What is the highest common divisor of 54 and 558?
18
What is the highest common factor of 20 and 490?
10
Calculate the highest common divisor of 3123 and 18.
9
Calculate the highest common factor of 470 and 188.
94
What is the greatest common divisor of 49 and 1421?
49
What is the highest common factor of 1603 and 7?
7
What is the greatest common factor of 7371 and 65?
13
Calculate the highest common factor of 16 and 632.
8
What is the highest common factor of 416 and 91?
13
What is the greatest common divisor of 12 and 1182?
6
Calculate the greatest common factor of 1225 and 1519.
49
What is the greatest common divisor of 140 and 220?
20
What is the highest common factor of 4 and 556?
4
Calculate the greatest common divisor of 1599 and 13.
13
What is the greatest common divisor of 195 and 260?
65
What is the highest common divisor of 2002 and 77?
77
Calculate the greatest common factor of 5495 and 105.
35
Calculate the greatest common divisor of 896 and 28.
28
Calculate the highest common divisor of 13 and 221.
13
What is the highest common factor of 40 and 120?
40
What is the highest common divisor of 1118 and 52?
26
What is the highest common divisor of 303 and 7171?
101
What is the greatest common factor of 24 and 440?
8
Calculate the highest common factor of 6913 and 62.
31
Calculate the highest common divisor of 70 and 5.
5
What is the highest common factor of 24 and 1608?
24
What is the greatest common divisor of 104 and 962?
26
Calculate the greatest common divisor of 72 and 768.
24
What is the highest common factor of 2910 and 480?
30
What is the highest common factor of 5600 and 14?
14
Calculate the greatest common factor of 52 and 494.
26
Calculate the greatest common divisor of 178 and 64.
2
What is the highest common divisor of 221 and 2925?
13
What is the highest common factor of 781 and 142?
71
What is the highest common divisor of 88 and 4576?
88
Calculate the greatest common factor of 920 and 276.
92
What is the greatest common factor of 153 and 1734?
51
Calculate the greatest common divisor of 368 and 12.
4
Calculate the greatest common divisor of 23 and 575.
23
What is the greatest common factor of 56 and 32?
8
What is the highest common factor of 13 and 377?
13
What is the greatest common factor of 10480 and 80?
80
Calculate the highest common divisor of 7 and 7175.
7
What is the highest common factor of 420 and 1380?
60
Calculate the highest common divisor of 9 and 1179.
9
Calculate the greatest common factor of 106 and 1643.
53
What is the highest common fac